{"id":911,"date":"2023-03-05T15:37:42","date_gmt":"2023-03-05T15:37:42","guid":{"rendered":"https:\/\/delaila.ee\/massaaz\/?page_id=911"},"modified":"2026-03-21T06:07:56","modified_gmt":"2026-03-21T06:07:56","slug":"koolitused","status":"publish","type":"page","link":"https:\/\/delaila.ee\/massaaz\/koolitused\/","title":{"rendered":"Koolitused"},"content":{"rendered":"\n<p><\/p>\n\n\n\n<p><strong>TANTRAMASSAA\u017dI privaatne \u00f5petus paaridele <\/strong>(korraga \u00fchele partnerile), <strong>hind 400 eurot (ca 3 tundi).<\/strong><br><\/p>\n\n\n\n<p><\/p>\n\n\n\n<p><strong>LINGAMI MASSAA\u017d KOOLITUS naiste grupile <\/strong>(nt t\u00fcdrukute\u00f5htul), <strong>hind alates 600 eurost (2 tundi).<\/strong><br>Sisaldab \u00f5pet dildodel ja kaasaantavat kirjalikku materjali.<\/p>\n\n\n\n<p><\/p>\n\n\n\n<p><strong>NB! Broneeringu kinnitab tagastamatu ettemaks summas 100 eurot.<br>NB! Koolitust broneerides palun arvestada, et broneeritud aega on v\u00f5imalik t\u00fchistada hiljemalt 48 tundi enne seanssi. <br>Sellest hilisemal aja t\u00fchistamisel v\u00f5i koolitusele tulemata j\u00e4tmisel tuleb tasuda koolituse t\u00e4ismaksumus.<\/strong><\/p>\n\n\n\n<p><br><\/p>\n","protected":false},"excerpt":{"rendered":"<p>TANTRAMASSAA\u017dI privaatne \u00f5petus paaridele (korraga \u00fchele partnerile), hind 400 eurot (ca 3 tundi). LINGAMI MASSAA\u017d KOOLITUS naiste grupile (nt t\u00fcdrukute\u00f5htul), hind alates 600 eurost (2 tundi).Sisaldab \u00f5pet dildodel ja kaasaantavat kirjalikku materjali. NB! Broneeringu kinnitab tagastamatu ettemaks summas 100 eurot.NB! Koolitust broneerides palun arvestada, et broneeritud aega on v\u00f5imalik t\u00fchistada hiljemalt 48 tundi enne seanssi. <a class=\"read-more\" href=\"https:\/\/delaila.ee\/massaaz\/koolitused\/\">Loe edasi&#8230;<\/a><\/p>\n","protected":false},"author":1,"featured_media":0,"parent":0,"menu_order":0,"comment_status":"closed","ping_status":"closed","template":"","meta":{"_exactmetrics_skip_tracking":false,"_exactmetrics_sitenote_active":false,"_exactmetrics_sitenote_note":"","_exactmetrics_sitenote_category":0,"footnotes":""},"class_list":["post-911","page","type-page","status-publish","hentry"],"yoast_head":"<!-- This site is optimized with the Yoast SEO plugin v26.6 - https:\/\/yoast.com\/wordpress\/plugins\/seo\/ -->\n<title>Koolitused - Delaila O&Uuml;<\/title>\n<meta name=\"robots\" content=\"index, follow, max-snippet:-1, max-image-preview:large, max-video-preview:-1\" \/>\n<link rel=\"canonical\" href=\"https:\/\/delaila.ee\/massaaz\/koolitused\/\" \/>\n<meta property=\"og:locale\" content=\"et_EE\" \/>\n<meta property=\"og:type\" content=\"article\" \/>\n<meta property=\"og:title\" content=\"Koolitused - Delaila O&Uuml;\" \/>\n<meta property=\"og:description\" content=\"TANTRAMASSAA\u017dI privaatne \u00f5petus paaridele (korraga \u00fchele partnerile), hind 400 eurot (ca 3 tundi). LINGAMI MASSAA\u017d KOOLITUS naiste grupile (nt t\u00fcdrukute\u00f5htul), hind alates 600 eurost (2 tundi).Sisaldab \u00f5pet dildodel ja kaasaantavat kirjalikku materjali. NB! Broneeringu kinnitab tagastamatu ettemaks summas 100 eurot.NB! Koolitust broneerides palun arvestada, et broneeritud aega on v\u00f5imalik t\u00fchistada hiljemalt 48 tundi enne seanssi. Loe edasi...\" \/>\n<meta property=\"og:url\" content=\"https:\/\/delaila.ee\/massaaz\/koolitused\/\" \/>\n<meta property=\"og:site_name\" content=\"Delaila O&Uuml;\" \/>\n<meta property=\"article:modified_time\" content=\"2026-03-21T06:07:56+00:00\" \/>\n<meta name=\"twitter:card\" content=\"summary_large_image\" \/>\n<meta name=\"twitter:label1\" content=\"Est. reading time\" \/>\n\t<meta name=\"twitter:data1\" content=\"1 minut\" \/>\n<script type=\"application\/ld+json\" class=\"yoast-schema-graph\">{\"@context\":\"https:\/\/schema.org\",\"@graph\":[{\"@type\":\"WebPage\",\"@id\":\"https:\/\/delaila.ee\/massaaz\/koolitused\/\",\"url\":\"https:\/\/delaila.ee\/massaaz\/koolitused\/\",\"name\":\"Koolitused - Delaila O&Uuml;\",\"isPartOf\":{\"@id\":\"https:\/\/delaila.ee\/massaaz\/#website\"},\"datePublished\":\"2023-03-05T15:37:42+00:00\",\"dateModified\":\"2026-03-21T06:07:56+00:00\",\"breadcrumb\":{\"@id\":\"https:\/\/delaila.ee\/massaaz\/koolitused\/#breadcrumb\"},\"inLanguage\":\"et\",\"potentialAction\":[{\"@type\":\"ReadAction\",\"target\":[\"https:\/\/delaila.ee\/massaaz\/koolitused\/\"]}]},{\"@type\":\"BreadcrumbList\",\"@id\":\"https:\/\/delaila.ee\/massaaz\/koolitused\/#breadcrumb\",\"itemListElement\":[{\"@type\":\"ListItem\",\"position\":1,\"name\":\"Home\",\"item\":\"https:\/\/delaila.ee\/massaaz\/\"},{\"@type\":\"ListItem\",\"position\":2,\"name\":\"Koolitused\"}]},{\"@type\":\"WebSite\",\"@id\":\"https:\/\/delaila.ee\/massaaz\/#website\",\"url\":\"https:\/\/delaila.ee\/massaaz\/\",\"name\":\"Delaila O&Uuml;\",\"description\":\"Massaa\u017ei- ja teraapiatuba\",\"potentialAction\":[{\"@type\":\"SearchAction\",\"target\":{\"@type\":\"EntryPoint\",\"urlTemplate\":\"https:\/\/delaila.ee\/massaaz\/?s={search_term_string}\"},\"query-input\":{\"@type\":\"PropertyValueSpecification\",\"valueRequired\":true,\"valueName\":\"search_term_string\"}}],\"inLanguage\":\"et\"}]}<\/script>\n<!-- \/ Yoast SEO plugin. -->","yoast_head_json":{"title":"Koolitused - Delaila O&Uuml;","robots":{"index":"index","follow":"follow","max-snippet":"max-snippet:-1","max-image-preview":"max-image-preview:large","max-video-preview":"max-video-preview:-1"},"canonical":"https:\/\/delaila.ee\/massaaz\/koolitused\/","og_locale":"et_EE","og_type":"article","og_title":"Koolitused - Delaila O&Uuml;","og_description":"TANTRAMASSAA\u017dI privaatne \u00f5petus paaridele (korraga \u00fchele partnerile), hind 400 eurot (ca 3 tundi). LINGAMI MASSAA\u017d KOOLITUS naiste grupile (nt t\u00fcdrukute\u00f5htul), hind alates 600 eurost (2 tundi).Sisaldab \u00f5pet dildodel ja kaasaantavat kirjalikku materjali. NB! Broneeringu kinnitab tagastamatu ettemaks summas 100 eurot.NB! Koolitust broneerides palun arvestada, et broneeritud aega on v\u00f5imalik t\u00fchistada hiljemalt 48 tundi enne seanssi. Loe edasi...","og_url":"https:\/\/delaila.ee\/massaaz\/koolitused\/","og_site_name":"Delaila O&Uuml;","article_modified_time":"2026-03-21T06:07:56+00:00","twitter_card":"summary_large_image","twitter_misc":{"Est. reading time":"1 minut"},"schema":{"@context":"https:\/\/schema.org","@graph":[{"@type":"WebPage","@id":"https:\/\/delaila.ee\/massaaz\/koolitused\/","url":"https:\/\/delaila.ee\/massaaz\/koolitused\/","name":"Koolitused - Delaila O&Uuml;","isPartOf":{"@id":"https:\/\/delaila.ee\/massaaz\/#website"},"datePublished":"2023-03-05T15:37:42+00:00","dateModified":"2026-03-21T06:07:56+00:00","breadcrumb":{"@id":"https:\/\/delaila.ee\/massaaz\/koolitused\/#breadcrumb"},"inLanguage":"et","potentialAction":[{"@type":"ReadAction","target":["https:\/\/delaila.ee\/massaaz\/koolitused\/"]}]},{"@type":"BreadcrumbList","@id":"https:\/\/delaila.ee\/massaaz\/koolitused\/#breadcrumb","itemListElement":[{"@type":"ListItem","position":1,"name":"Home","item":"https:\/\/delaila.ee\/massaaz\/"},{"@type":"ListItem","position":2,"name":"Koolitused"}]},{"@type":"WebSite","@id":"https:\/\/delaila.ee\/massaaz\/#website","url":"https:\/\/delaila.ee\/massaaz\/","name":"Delaila O&Uuml;","description":"Massaa\u017ei- ja teraapiatuba","potentialAction":[{"@type":"SearchAction","target":{"@type":"EntryPoint","urlTemplate":"https:\/\/delaila.ee\/massaaz\/?s={search_term_string}"},"query-input":{"@type":"PropertyValueSpecification","valueRequired":true,"valueName":"search_term_string"}}],"inLanguage":"et"}]}},"_links":{"self":[{"href":"https:\/\/delaila.ee\/massaaz\/wp-json\/wp\/v2\/pages\/911","targetHints":{"allow":["GET"]}}],"collection":[{"href":"https:\/\/delaila.ee\/massaaz\/wp-json\/wp\/v2\/pages"}],"about":[{"href":"https:\/\/delaila.ee\/massaaz\/wp-json\/wp\/v2\/types\/page"}],"author":[{"embeddable":true,"href":"https:\/\/delaila.ee\/massaaz\/wp-json\/wp\/v2\/users\/1"}],"replies":[{"embeddable":true,"href":"https:\/\/delaila.ee\/massaaz\/wp-json\/wp\/v2\/comments?post=911"}],"version-history":[{"count":12,"href":"https:\/\/delaila.ee\/massaaz\/wp-json\/wp\/v2\/pages\/911\/revisions"}],"predecessor-version":[{"id":1252,"href":"https:\/\/delaila.ee\/massaaz\/wp-json\/wp\/v2\/pages\/911\/revisions\/1252"}],"wp:attachment":[{"href":"https:\/\/delaila.ee\/massaaz\/wp-json\/wp\/v2\/media?parent=911"}],"curies":[{"name":"wp","href":"https:\/\/api.w.org\/{rel}","templated":true}]}}