{"id":25,"date":"2015-09-10T13:40:05","date_gmt":"2015-09-10T13:40:05","guid":{"rendered":"http:\/\/tervepuu.com\/massaaz\/?page_id=25"},"modified":"2023-03-06T13:39:49","modified_gmt":"2023-03-06T13:39:49","slug":"kinkekaart","status":"publish","type":"page","link":"https:\/\/delaila.ee\/massaaz\/kinkekaart\/","title":{"rendered":"Kinkekaart"},"content":{"rendered":"<p><span class=\"text_exposed_show\" style=\"color: #993366;\"><strong>Kinkekaarti saab soetada ainult tantramassaa\u017eile! <\/strong><\/span><\/p>\n<p><span class=\"text_exposed_show\">Tantramassaa\u017ei kinkekaart on \u00fcks parimaid v\u00f5imalusi kinkida kallile inimesele aega ja \u00fchendust iseendaga.<\/span><\/p>\n<p><strong>NB! Palun veendu enne kinkekaardi soetamist, et kingi saaja on massaa\u017eiks emotsionaalselt valmis.<\/strong><\/p>\n<p><img loading=\"lazy\" decoding=\"async\" class=\"wp-image-216 alignnone\" src=\"https:\/\/delaila.ee\/massaaz\/wp-content\/uploads\/2015\/09\/Screen-Shot-2015-11-23-at-21.09.06-1024x518.png\" alt=\"Kinkekaart\" width=\"654\" height=\"331\" srcset=\"https:\/\/delaila.ee\/massaaz\/wp-content\/uploads\/2015\/09\/Screen-Shot-2015-11-23-at-21.09.06-1024x518.png 1024w, https:\/\/delaila.ee\/massaaz\/wp-content\/uploads\/2015\/09\/Screen-Shot-2015-11-23-at-21.09.06-300x152.png 300w, https:\/\/delaila.ee\/massaaz\/wp-content\/uploads\/2015\/09\/Screen-Shot-2015-11-23-at-21.09.06.png 1250w\" sizes=\"auto, (max-width: 654px) 100vw, 654px\" \/><\/p>\n\n\n<p><\/p>\n\n\n\n<p><strong>TINGIMUSED:<\/strong><\/p>\n\n\n\n<ul class=\"wp-block-list\">\n<li>Kinkekaardile m\u00e4rgitava summa saab kinkija ise valida &#8211; juhul, kui kingisaaja soovib teenuseid lisada\/t\u00e4iendada, saab ta puuduj\u00e4\u00e4va summa juurde tasuda.<\/li>\n\n\n\n<li>Kui kinkija ei ole massaa\u017eiliiki kindlaks m\u00e4\u00e4ranud, siis on kingisaajal v\u00f5imalus valida endale sobiv massaa\u017e vastavalt kinkekaardi v\u00e4\u00e4rtusele ja kehtivale hinnakirjale.<\/li>\n\n\n\n<li>Kui valitud teenuse hind on v\u00e4iksem kinkekaardi v\u00e4\u00e4rtusest, saab \u00fclej\u00e4\u00e4nud summat kasutada j\u00e4rgneva teenuse ettemaksuna, mille aeg tuleb broneerida samal korral. Kasutamata summat tagasi ei maksta.<\/li>\n\n\n\n<li>Kui valitud teenuse hind on kallim kinkekaardi v\u00e4\u00e4rtusest, saab puuduoleva summa juurde maksta.<\/li>\n\n\n\n<li><strong>Kinkekaart kehtib 2 kuud, alates v\u00e4ljaostu kuup\u00e4evast.<\/strong><\/li>\n\n\n\n<li><strong>Massaa\u017eiaeg tuleb eelnevalt broneerida!<\/strong> Sobiva aja saab kokku leppida nii kingisaaja ise kui ka kinkija.<\/li>\n\n\n\n<li>Kinkekaarti ei tagastata ja seda ei saa vahetada rahaks.<\/li>\n\n\n\n<li>Kinkekaardi paljundamine mistahes viisil on keelatud.<\/li>\n\n\n\n<li>Rikutud v\u00f5i kaotatud kinkekaarti ei vahetata uue kaardi ega raha vastu.&nbsp;Rikutud kinkekaardiga ei ole v\u00f5imalik teenuseid kasutada juhul, kui kinkekaardi number, kehtivus, summa ei ole tuvastatavad.<\/li>\n\n\n\n<li>Delaila O\u00dc-l on \u00f5igus kontrollida esitatud kinkekaardi ehtsust ning v\u00f5ltsitud kinkekaart konfiskeerida.<\/li>\n<\/ul>\n\n\n\n<p><\/p>\n\n\n\n<p><\/p>\n","protected":false},"excerpt":{"rendered":"<p>Kinkekaarti saab soetada ainult tantramassaa\u017eile! Tantramassaa\u017ei kinkekaart on \u00fcks parimaid v\u00f5imalusi kinkida kallile inimesele aega ja \u00fchendust iseendaga. NB! Palun veendu enne kinkekaardi soetamist, et kingi saaja on massaa\u017eiks emotsionaalselt valmis. TINGIMUSED:<\/p>\n","protected":false},"author":1,"featured_media":0,"parent":0,"menu_order":7,"comment_status":"closed","ping_status":"closed","template":"template-full-width.php","meta":{"_exactmetrics_skip_tracking":false,"_exactmetrics_sitenote_active":false,"_exactmetrics_sitenote_note":"","_exactmetrics_sitenote_category":0,"footnotes":""},"class_list":["post-25","page","type-page","status-publish","hentry"],"yoast_head":"<!-- This site is optimized with the Yoast SEO plugin v26.6 - https:\/\/yoast.com\/wordpress\/plugins\/seo\/ -->\n<title>Kinkekaart - Delaila O&Uuml;<\/title>\n<meta name=\"robots\" content=\"index, follow, max-snippet:-1, max-image-preview:large, max-video-preview:-1\" \/>\n<link rel=\"canonical\" href=\"https:\/\/delaila.ee\/massaaz\/kinkekaart\/\" \/>\n<meta property=\"og:locale\" content=\"et_EE\" \/>\n<meta property=\"og:type\" content=\"article\" \/>\n<meta property=\"og:title\" content=\"Kinkekaart - Delaila O&Uuml;\" \/>\n<meta property=\"og:description\" content=\"Kinkekaarti saab soetada ainult tantramassaa\u017eile! Tantramassaa\u017ei kinkekaart on \u00fcks parimaid v\u00f5imalusi kinkida kallile inimesele aega ja \u00fchendust iseendaga. NB! Palun veendu enne kinkekaardi soetamist, et kingi saaja on massaa\u017eiks emotsionaalselt valmis. TINGIMUSED:\" \/>\n<meta property=\"og:url\" content=\"https:\/\/delaila.ee\/massaaz\/kinkekaart\/\" \/>\n<meta property=\"og:site_name\" content=\"Delaila O&Uuml;\" \/>\n<meta property=\"article:modified_time\" content=\"2023-03-06T13:39:49+00:00\" \/>\n<meta property=\"og:image\" content=\"https:\/\/delaila.ee\/massaaz\/wp-content\/uploads\/2015\/09\/Screen-Shot-2015-11-23-at-21.09.06-1024x518.png\" \/>\n<meta name=\"twitter:card\" content=\"summary_large_image\" \/>\n<meta name=\"twitter:label1\" content=\"Est. reading time\" \/>\n\t<meta name=\"twitter:data1\" content=\"2 minutit\" \/>\n<script type=\"application\/ld+json\" class=\"yoast-schema-graph\">{\"@context\":\"https:\/\/schema.org\",\"@graph\":[{\"@type\":\"WebPage\",\"@id\":\"https:\/\/delaila.ee\/massaaz\/kinkekaart\/\",\"url\":\"https:\/\/delaila.ee\/massaaz\/kinkekaart\/\",\"name\":\"Kinkekaart - Delaila O&Uuml;\",\"isPartOf\":{\"@id\":\"https:\/\/delaila.ee\/massaaz\/#website\"},\"primaryImageOfPage\":{\"@id\":\"https:\/\/delaila.ee\/massaaz\/kinkekaart\/#primaryimage\"},\"image\":{\"@id\":\"https:\/\/delaila.ee\/massaaz\/kinkekaart\/#primaryimage\"},\"thumbnailUrl\":\"https:\/\/delaila.ee\/massaaz\/wp-content\/uploads\/2015\/09\/Screen-Shot-2015-11-23-at-21.09.06-1024x518.png\",\"datePublished\":\"2015-09-10T13:40:05+00:00\",\"dateModified\":\"2023-03-06T13:39:49+00:00\",\"breadcrumb\":{\"@id\":\"https:\/\/delaila.ee\/massaaz\/kinkekaart\/#breadcrumb\"},\"inLanguage\":\"et\",\"potentialAction\":[{\"@type\":\"ReadAction\",\"target\":[\"https:\/\/delaila.ee\/massaaz\/kinkekaart\/\"]}]},{\"@type\":\"ImageObject\",\"inLanguage\":\"et\",\"@id\":\"https:\/\/delaila.ee\/massaaz\/kinkekaart\/#primaryimage\",\"url\":\"https:\/\/delaila.ee\/massaaz\/wp-content\/uploads\/2015\/09\/Screen-Shot-2015-11-23-at-21.09.06.png\",\"contentUrl\":\"https:\/\/delaila.ee\/massaaz\/wp-content\/uploads\/2015\/09\/Screen-Shot-2015-11-23-at-21.09.06.png\",\"width\":1250,\"height\":632},{\"@type\":\"BreadcrumbList\",\"@id\":\"https:\/\/delaila.ee\/massaaz\/kinkekaart\/#breadcrumb\",\"itemListElement\":[{\"@type\":\"ListItem\",\"position\":1,\"name\":\"Home\",\"item\":\"https:\/\/delaila.ee\/massaaz\/\"},{\"@type\":\"ListItem\",\"position\":2,\"name\":\"Kinkekaart\"}]},{\"@type\":\"WebSite\",\"@id\":\"https:\/\/delaila.ee\/massaaz\/#website\",\"url\":\"https:\/\/delaila.ee\/massaaz\/\",\"name\":\"Delaila O&Uuml;\",\"description\":\"Massaa\u017ei- ja teraapiatuba\",\"potentialAction\":[{\"@type\":\"SearchAction\",\"target\":{\"@type\":\"EntryPoint\",\"urlTemplate\":\"https:\/\/delaila.ee\/massaaz\/?s={search_term_string}\"},\"query-input\":{\"@type\":\"PropertyValueSpecification\",\"valueRequired\":true,\"valueName\":\"search_term_string\"}}],\"inLanguage\":\"et\"}]}<\/script>\n<!-- \/ Yoast SEO plugin. -->","yoast_head_json":{"title":"Kinkekaart - Delaila O&Uuml;","robots":{"index":"index","follow":"follow","max-snippet":"max-snippet:-1","max-image-preview":"max-image-preview:large","max-video-preview":"max-video-preview:-1"},"canonical":"https:\/\/delaila.ee\/massaaz\/kinkekaart\/","og_locale":"et_EE","og_type":"article","og_title":"Kinkekaart - Delaila O&Uuml;","og_description":"Kinkekaarti saab soetada ainult tantramassaa\u017eile! Tantramassaa\u017ei kinkekaart on \u00fcks parimaid v\u00f5imalusi kinkida kallile inimesele aega ja \u00fchendust iseendaga. NB! Palun veendu enne kinkekaardi soetamist, et kingi saaja on massaa\u017eiks emotsionaalselt valmis. TINGIMUSED:","og_url":"https:\/\/delaila.ee\/massaaz\/kinkekaart\/","og_site_name":"Delaila O&Uuml;","article_modified_time":"2023-03-06T13:39:49+00:00","og_image":[{"url":"https:\/\/delaila.ee\/massaaz\/wp-content\/uploads\/2015\/09\/Screen-Shot-2015-11-23-at-21.09.06-1024x518.png","type":"","width":"","height":""}],"twitter_card":"summary_large_image","twitter_misc":{"Est. reading time":"2 minutit"},"schema":{"@context":"https:\/\/schema.org","@graph":[{"@type":"WebPage","@id":"https:\/\/delaila.ee\/massaaz\/kinkekaart\/","url":"https:\/\/delaila.ee\/massaaz\/kinkekaart\/","name":"Kinkekaart - Delaila O&Uuml;","isPartOf":{"@id":"https:\/\/delaila.ee\/massaaz\/#website"},"primaryImageOfPage":{"@id":"https:\/\/delaila.ee\/massaaz\/kinkekaart\/#primaryimage"},"image":{"@id":"https:\/\/delaila.ee\/massaaz\/kinkekaart\/#primaryimage"},"thumbnailUrl":"https:\/\/delaila.ee\/massaaz\/wp-content\/uploads\/2015\/09\/Screen-Shot-2015-11-23-at-21.09.06-1024x518.png","datePublished":"2015-09-10T13:40:05+00:00","dateModified":"2023-03-06T13:39:49+00:00","breadcrumb":{"@id":"https:\/\/delaila.ee\/massaaz\/kinkekaart\/#breadcrumb"},"inLanguage":"et","potentialAction":[{"@type":"ReadAction","target":["https:\/\/delaila.ee\/massaaz\/kinkekaart\/"]}]},{"@type":"ImageObject","inLanguage":"et","@id":"https:\/\/delaila.ee\/massaaz\/kinkekaart\/#primaryimage","url":"https:\/\/delaila.ee\/massaaz\/wp-content\/uploads\/2015\/09\/Screen-Shot-2015-11-23-at-21.09.06.png","contentUrl":"https:\/\/delaila.ee\/massaaz\/wp-content\/uploads\/2015\/09\/Screen-Shot-2015-11-23-at-21.09.06.png","width":1250,"height":632},{"@type":"BreadcrumbList","@id":"https:\/\/delaila.ee\/massaaz\/kinkekaart\/#breadcrumb","itemListElement":[{"@type":"ListItem","position":1,"name":"Home","item":"https:\/\/delaila.ee\/massaaz\/"},{"@type":"ListItem","position":2,"name":"Kinkekaart"}]},{"@type":"WebSite","@id":"https:\/\/delaila.ee\/massaaz\/#website","url":"https:\/\/delaila.ee\/massaaz\/","name":"Delaila O&Uuml;","description":"Massaa\u017ei- ja teraapiatuba","potentialAction":[{"@type":"SearchAction","target":{"@type":"EntryPoint","urlTemplate":"https:\/\/delaila.ee\/massaaz\/?s={search_term_string}"},"query-input":{"@type":"PropertyValueSpecification","valueRequired":true,"valueName":"search_term_string"}}],"inLanguage":"et"}]}},"_links":{"self":[{"href":"https:\/\/delaila.ee\/massaaz\/wp-json\/wp\/v2\/pages\/25","targetHints":{"allow":["GET"]}}],"collection":[{"href":"https:\/\/delaila.ee\/massaaz\/wp-json\/wp\/v2\/pages"}],"about":[{"href":"https:\/\/delaila.ee\/massaaz\/wp-json\/wp\/v2\/types\/page"}],"author":[{"embeddable":true,"href":"https:\/\/delaila.ee\/massaaz\/wp-json\/wp\/v2\/users\/1"}],"replies":[{"embeddable":true,"href":"https:\/\/delaila.ee\/massaaz\/wp-json\/wp\/v2\/comments?post=25"}],"version-history":[{"count":37,"href":"https:\/\/delaila.ee\/massaaz\/wp-json\/wp\/v2\/pages\/25\/revisions"}],"predecessor-version":[{"id":968,"href":"https:\/\/delaila.ee\/massaaz\/wp-json\/wp\/v2\/pages\/25\/revisions\/968"}],"wp:attachment":[{"href":"https:\/\/delaila.ee\/massaaz\/wp-json\/wp\/v2\/media?parent=25"}],"curies":[{"name":"wp","href":"https:\/\/api.w.org\/{rel}","templated":true}]}}